{"id":3,"date":"2024-06-16T12:50:53","date_gmt":"2024-06-16T10:50:53","guid":{"rendered":"http:\/\/agakrolgallery.pl\/?page_id=3"},"modified":"2024-09-24T19:07:53","modified_gmt":"2024-09-24T17:07:53","slug":"polityka-prywatnosci","status":"publish","type":"page","link":"https:\/\/agakrolgallery.pl\/?page_id=3","title":{"rendered":"Polityka prywatno\u015bci"},"content":{"rendered":"\n<p><strong>POLITYKA PRYWATNO\u015aCI<\/strong><\/p>\n\n\n\n<p><strong>POSTANOWIENIA OG\u00d3LNE<\/strong><\/p>\n\n\n\n<p>Niniejsza polityka prywatno\u015bci Serwisu Internetowego ma charakter informacyjny, co oznacza \u017ce nie jest ona \u017ar\u00f3d\u0142em obowi\u0105zk\u00f3w dla Us\u0142ugobiorc\u00f3w lub Klient\u00f3w Serwisu Internetowego. Polityka prywatno\u015bci zawiera przede wszystkim zasady dotycz\u0105ce przetwarzania danych osobowych przez Administratora w Serwisie Internetowym, w tym podstawy, cele i zakres przetwarzania danych osobowych oraz prawa os\u00f3b, kt\u00f3rych dane dotycz\u0105, a tak\u017ce informacje w zakresie stosowania w Serwisie Internetowym plik\u00f3w cookies oraz narz\u0119dzi analitycznych.<\/p>\n\n\n\n<p><strong>ZGODA U\u017bYTKOWNIKA<\/strong><\/p>\n\n\n\n<p>Korzystanie z Serwisu&nbsp;<a href=\"https:\/\/agakrolgallery.pl\/\">https:\/\/agakrolgallery.pl\/<\/a>&nbsp;przez U\u017cytkownika oznacza, \u017ce U\u017cytkownik akceptuje, \u017ce Administrator gromadzi oraz wykorzystuje dane osobowe zgodnie z niniejsz\u0105 Polityk\u0105 Prywatno\u015bci.<\/p>\n\n\n\n<p>Dane osobowe U\u017cytkownika Serwisu s\u0105 przetwarzane przez Administratora w oparciu o jego zgod\u0119, za\u015b w niekt\u00f3rych przypadkach opisanych w niniejszym dokumencie, w ramach prawnie uzasadnionego interesu Administratora. U\u017cytkownik ma prawo w dowolnym momencie wycofa\u0107 wyra\u017con\u0105 wcze\u015bniej zgod\u0119. Wycofanie zgody nie wp\u0142ywa na zgodno\u015b\u0107 z prawem przetwarzania, kt\u00f3rego dokonano na podstawie zgody przed jej wycofaniem.<\/p>\n\n\n\n<p>W przypadku, gdy nast\u0105pi zmiana niniejszej Polityki Prywatno\u015bci, a U\u017cytkownik nadal b\u0119dzie korzysta\u0142 z Serwisu, to poczytuje si\u0119 to za wyra\u017cenie zgody na aktualne warunki Polityki Prywatno\u015bci.<\/p>\n\n\n\n<p>I. <strong>TO\u017bSAMO\u015a\u0106 ADMINISTRATORA DANYCH<\/strong><\/p>\n\n\n\n<ol class=\"wp-block-list\">\n<li>Administratorem danych osobowych jest Agnieszka Kr\u00f3l, Aga Kr\u00f3l Gallery, 41-506 Chorz\u00f3w, ul. Dyrekcyjna 4, e-mail:&nbsp;<a href=\"mailto:anna@codziennosci.pl\">admin@agakrolgallery.pl<\/a>, tel. 504 933 392.<\/li>\n\n\n\n<li>Dane przetwarzane s\u0105 zgodnie z aktualnie obowi\u0105zuj\u0105cymi przepisami prawa; tj. Rozporz\u0105dzeniem Parlamentu Europejskiego i Rady UE 2016\/679 z 27 kwietnia 2016 r. w sprawie ochrony os\u00f3b fizycznych w zwi\u0105zku z przetwarzaniem danych osobowych i w sprawie swobodnego przep\u0142ywu takich danych oraz uchylenia dyrektywy 95\/46\/WE (dalej: RODO), ustaw\u0105 z dnia 10 maja 2018 r. o ochronie danych, a tak\u017ce ustaw\u0105 z 18 lipca 2002 r. o \u015bwiadczeniu us\u0142ug drog\u0105 elektroniczn\u0105.<\/li>\n\n\n\n<li>Poni\u017csza Polityka Prywatno\u015bci obejmuje zasady przetwarzania danych U\u017cytkownik\u00f3w Strony, a tak\u017ce os\u00f3b zawieraj\u0105cych umowy z Administratorem danych, w tym zwi\u0105zanych z realizacj\u0105 Zam\u00f3wienia w Sklepie internetowym, a tak\u017ce danych gromadzonych poprzez kontakt z Administratorem danych (adres e-mail lub telefonicznie) lub korespondencj\u0119 tradycyjn\u0105, jak i os\u00f3b, kt\u00f3re lubi\u0105 i\/lub obserwuj\u0105 fanpage Administratora w mediach spo\u0142eczno\u015bciowych, je\u015bli prowadzi.<\/li>\n<\/ol>\n\n\n\n<p>II. <strong>SPOSOBY POZYSKIWANIA DANYCH<\/strong><\/p>\n\n\n\n<ol class=\"wp-block-list\">\n<li>Administrator pozyskuje dane osobowe bezpo\u015brednio od U\u017cytkownika za po\u015brednictwem Serwisu, poprzez dost\u0119pne w nim funkcjonalno\u015bci i narz\u0119dzia do komunikacji oraz przes\u0142anie za ich po\u015brednictwem wiadomo\u015bci do Administratora (wype\u0142nianie formularza kontaktowego b\u0105d\u017a przy sk\u0142adaniu zam\u00f3wienia, rejestracja konta w Serwisie, kontakty poprzez e-mail b\u0105d\u017a kontakty telefoniczne)              <\/li>\n\n\n\n<li>Podanie danych osobowych przez U\u017cytkownika jest dobrowolne.<\/li>\n<\/ol>\n\n\n\n<p>III. <strong>CELE PRZETWARZANIA DANYCH OSOBOWYCH<\/strong><\/p>\n\n\n\n<p>Administrator Danych Osobowych przetwarza dane osobowe wy\u0142\u0105cznie, gdy jest to dopuszczone aktualnie obowi\u0105zuj\u0105cymi przepisami prawa, w tym celu:<\/p>\n\n\n\n<ol class=\"wp-block-list\"><\/ol>\n\n\n\n<ol class=\"wp-block-list\">\n<li>przygotowania i realizacji zawartej umowy sprzeda\u017cy, w tym zawarcia umowy na odleg\u0142o\u015b\u0107 za po\u015brednictwem sklepu internetowego, kt\u00f3rej osoba jest stron\u0105, a tak\u017ce realizacji uprawnie\u0144 z niej wynikaj\u0105cych, a przetwarzanie to odbywa si\u0119 na podstawie art. 6 ust. 1 lit b) RODO,<\/li>\n\n\n\n<li>udokumentowania realizacji um\u00f3w, w tym wystawienia rachunku lub faktury dla osoby fizycznej, prowadzenia dokumentacji ksi\u0119gowej i podatkowej, na podstawie art. 6 ust. 1 lit. c) RODO, tj. w celu wykonania obowi\u0105zk\u00f3w prawnych ci\u0105\u017c\u0105cych na Administratorze danych osobowych, na podstawie art. 70 ustawy z dnia 29 sierpnia 1997 r. Ordynacja podatkowa,<\/li>\n\n\n\n<li>podj\u0119cia dzia\u0142a\u0144 na \u017c\u0105danie osoby, kt\u00f3rej dane dotycz\u0105, w tym udzielenia odpowiedzi na pytania zadane poprzez \u015brodki komunikacji elektronicznej lub w celu obs\u0142ugi korespondencji tradycyjnej, a przetwarzanie to odbywa si\u0119 na podstawie art. 6 ust. 1 lit b) RODO,<\/li>\n\n\n\n<li>rejestracji i za\u0142o\u017cenia Konta w Sklepie, a przetwarzanie to odbywa si\u0119 na podstawie art. 6 ust. 1 lit a) RODO, tj. zgody osoby, kt\u00f3rej dane dotycz\u0105,<\/li>\n\n\n\n<li>marketingu w\u0142asnych produkt\u00f3w i us\u0142ug Administratora danych drog\u0105 tradycyjn\u0105, na podstawie art. 6 ust. 1 lit. f) RODO, tj. w celu realizacji prawnie uzasadnionych interes\u00f3w administratora danych lub osoby, kt\u00f3rej dane dotycz\u0105,<\/li>\n\n\n\n<li>w celu wys\u0142ania maila z pro\u015bb\u0105 o ocen\u0119 Sklepu i\/lub Towaru\/Produktu odbywa si\u0119 na podstawie art. 6 ust. 1 lit f) RODO, a przetwarzanie to odbywa si\u0119 w usprawiedliwionym celu administratora danych (Sprzedawcy), kt\u00f3rym jest doskonalenie oferty i\/lub Towaru\/Produktu i\/lub Sklepu poprzez gromadzenie rzetelnych opinii o nich przez w\u0142a\u015bciciela Sklepu,<\/li>\n\n\n\n<li>wys\u0142ania zapytania o udzielenie opinii o us\u0142ugach i towarach\/produktach Administratora danych przez zewn\u0119trzne serwisy badania satysfakcji, jak [np. Opineo, Ceneo, etc,.] za zgod\u0105 osoby, kt\u00f3re dane dotycz\u0105, tj. na podstawie art. 6 ust. 1 lit a) RODO.<\/li>\n\n\n\n<li>dochodzenia praw i roszcze\u0144 przez Administratora danych lub osob\u0119, kt\u00f3rej dane dotycz\u0105, na podstawie art. 6 ust. 1 lit f) RODO i odbywa si\u0119 w prawnie usprawiedliwionym celu.<\/li>\n\n\n\n<li>Podanie danych osobowych jest niezb\u0119dne w celu realizacji umowy zawartej na odleg\u0142o\u015b\u0107, w tym wysy\u0142ki towaru lub udost\u0119pnienia produktu cyfrowego i wystawienia dokumentu ksi\u0119gowego, dochodzenia roszcze\u0144, a tak\u017ce udzielenia odpowiedzi na pytania. Podanie danych osobowych w pozosta\u0142ym zakresie jest dobrowolne.<\/li>\n\n\n\n<li>Brak podania wymaganych danych uniemo\u017cliwia realizacj\u0119 umowy zawartej na odleg\u0142o\u015b\u0107, wystawienie rachunku lub faktury lub podj\u0119cie kontaktu na \u017c\u0105danie osoby, kt\u00f3rej dane dotycz\u0105.<\/li>\n<\/ol>\n\n\n\n<p>IV. <strong>ZAKRES PRZETWARZANYCH DANYCH<\/strong><\/p>\n\n\n\n<p>Administrator gromadzi za po\u015brednictwem Serwisu nast\u0119puj\u0105ce dane osobowe dotycz\u0105ce U\u017cytkownika:<\/p>\n\n\n\n<ol class=\"wp-block-list\">\n<li>Imi\u0119 i nazwisko;<\/li>\n\n\n\n<li>Adres e-mail;<\/li>\n\n\n\n<li>Has\u0142o i login do Serwisu<\/li>\n\n\n\n<li>Numer telefonu;<\/li>\n\n\n\n<li>Tre\u015b\u0107 wiadomo\u015bci;<\/li>\n\n\n\n<li>Temat wiadomo\u015bci.<\/li>\n<\/ol>\n\n\n\n<ol class=\"wp-block-list\"><\/ol>\n\n\n\n<p>V. <strong>OKRES PRZETWARZANIA DANYCH<\/strong><\/p>\n\n\n\n<p>Okres przetwarzania danych jest uzale\u017cniony od celu, dla kt\u00f3rego dane zosta\u0142y zebrane<br>w celu:<\/p>\n\n\n\n<ol class=\"wp-block-list\"><\/ol>\n\n\n\n<ol class=\"wp-block-list\">\n<li>zawarcia i realizacja umowy sprzeda\u017cy, w tym sprzeda\u017cy na odleg\u0142o\u015b\u0107 \u2013 przez okres niezb\u0119dny do udokumentowania wykonanej umowy, w tym wystawienia rachunku lub faktury \u2013 5 lat, licz\u0105c od ko\u0144ca roku kalendarzowego, w kt\u00f3rym up\u0142yn\u0105\u0142 termin p\u0142atno\u015bci podatku, na podstawie art. 112 ustawy z dnia 11 marca 2004 r. o podatku od towar\u00f3w i us\u0142ug, w zwi\u0105zku z art. 70 ustawy z dnia 29 sierpnia 1997 r. \u2013 Ordynacja podatkowa,<\/li>\n\n\n\n<li>w celu wysy\u0142ania informacji handlowych drog\u0105 elektroniczn\u0105 (newsletter) i\/lub za\u0142o\u017cenia Konta w Sklepie\/wysy\u0142ania zapytania o opini\u0119 przez zewn\u0119trzne serwisy badania satysfakcji \u2013 do czasu odwo\u0142ania zgody, bez wp\u0142ywu na zgodno\u015b\u0107 przetwarzania, kt\u00f3rego dokonano przed jej odwo\u0142aniem,<\/li>\n\n\n\n<li>przez okres niezb\u0119dny do udzielenia odpowiedzi na pytanie zadane przez formularz kontaktowy lub drog\u0105 telefoniczn\u0105, ale nie d\u0142u\u017cej ni\u017c przez 6 miesi\u0119cy, o ile osoba nie zdecyduje si\u0119 zawrze\u0107 umowy z Administratorem danych osobowych,<\/li>\n\n\n\n<li>w celu dochodzenia roszcze\u0144, na podstawie ustawy z art. 118 ustawy z dnia 23 kwietnia 1964 r. \u2013 Kodeks cywilny. Je\u017celi przepis szczeg\u00f3lny nie stanowi inaczej, termin przedawnienia wynosi sze\u015b\u0107 lat, a dla roszcze\u0144 o \u015bwiadczenia okresowe oraz roszcze\u0144 zwi\u0105zanych z prowadzeniem dzia\u0142alno\u015bci gospodarczej \u2013 trzy lata.<\/li>\n<\/ol>\n\n\n\n<p>VI. <strong>ODBIORCY DANYCH W SERWISIE INTERNETOWYM<\/strong><\/p>\n\n\n\n<ol class=\"wp-block-list\">\n<li>Dane osobowe U\u017cytkownika mog\u0105 zosta\u0107 powierzone innym podmiotom w celu wykonania us\u0142ug na zlecenie administratora danych, w szczeg\u00f3lno\u015bci podmiotom w zakresie:<\/li>\n<\/ol>\n\n\n\n<ul class=\"wp-block-list\">\n<li>hostingu strony www,<\/li>\n\n\n\n<li>serwisu i utrzymania system\u00f3w informatycznych, w kt\u00f3rych dane s\u0105 przetwarzane, w tym w celu automatyzacji newslettera, wystawiania faktur, obs\u0142ugi zam\u00f3wie\u0144, etc.,<\/li>\n\n\n\n<li>brokera us\u0142ug kurierskich,<\/li>\n\n\n\n<li>dropshippingu i\/lub obs\u0142ugi logistycznej zam\u00f3wie\u0144.<\/li>\n<\/ul>\n\n\n\n<p>    2. Dane osobowe U\u017cytkownika mog\u0105 zosta\u0107 tak\u017ce udost\u0119pnione podmiotom wspieraj\u0105cym administratora danych, w tym podmiotom realizuj\u0105cym us\u0142ugi kurierskie i pocztowe, obs\u0142ug\u0119 p\u0142atno\u015bci online.<\/p>\n\n\n\n<p>    3. Dane osobowe U\u017cytkownika nie s\u0105 przekazywane do pa\u0144stw trzecich, ani organizacji mi\u0119dzynarodowych.<\/p>\n\n\n\n<p>    4. Dane osobowe U\u017cytkownika b\u0119d\u0105 przetwarzane przez dostawc\u00f3w, kt\u00f3rych siedziby i\/lub serwery s\u0105 zlokalizowane w pa\u0144stwie trzecim, tj. na terenie Stan\u00f3w Zjednoczonych Ameryki (USA). Przekazanie danych do USA odbywa si\u0119 na podstawie decyzji Komisji Europejskiej z 10 lipca 2023 r. stwierdzaj odpowiedni stopie\u0144 ochrony danych osobowych zapewniony przez tzw. \u201cRamy ochrony danych UE-USA\u201d (EU-US Data Privacy Framework) w stosunku do dostawc\u00f3w wpisanych na list\u0119 departamentu handlu USA, jak:&nbsp;<strong>Google LLC. 1600 Amphitheatre Parkway Mountain View, CA 94043, USA;&nbsp;Meta Platforms, Inc., Menlo Park,California, USA.<\/strong><\/p>\n\n\n\n<p>VII. <strong>PRAWO OS\u00d3B, KT\u00d3RYCH DOTYCZ\u0104 DANE<\/strong><\/p>\n\n\n\n<ol class=\"wp-block-list\">\n<li><strong>Prawa U\u017cytkownika<\/strong>                                                                                                                                                           <\/li>\n<\/ol>\n\n\n\n<p>U\u017cytkownik na ka\u017cdym etapie przetwarzania jego danych zapewniony ma szereg uprawnie\u0144 pozwalaj\u0105cych mu uzyska\u0107 dost\u0119p do swoich danych, weryfikacj\u0119 prawid\u0142owo\u015bci przetwarzania danych, ich korekt\u0119, jak r\u00f3wnie\u017c ma prawo zg\u0142oszenia sprzeciwu wobec ich przetwarzania, mo\u017ce \u017c\u0105da\u0107 usuni\u0119cia danych, ograniczenia przetwarzania lub przeniesienia danych. W przypadku ch\u0119ci skorzystania przez U\u017cytkownika z przys\u0142uguj\u0105cych mu praw jako podmiotu danych osobowych, mo\u017ce on si\u0119 skontaktowa\u0107 z Administratorem za pomoc\u0105 <strong>e-mail: admin@agakrolgallery.pl.<\/strong><\/p>\n\n\n\n<p>    2. <strong>Prawo wniesienia skargi do organu nadzorczego<\/strong><\/p>\n\n\n\n<p>U\u017cytkownik, kt\u00f3rego dane osobowe s\u0105 przetwarzane przez Administratora ma prawo wnie\u015b\u0107 skarg\u0119 do organu nadzoru w\u0142a\u015bciwego w sprawach ochrony danych osobowych (Prezesa Urz\u0119du Ochrony Danych Osobowych).<\/p>\n\n\n\n<p>VIII. <strong>PLIKI COOKIES<\/strong><\/p>\n\n\n\n<p><strong>PLIKI COOKIES<\/strong><\/p>\n\n\n\n<p>Administrator informuje, i\u017c podczas korzystania z Serwisu w urz\u0105dzeniu ko\u0144cowym U\u017cytkownika zapisywane s\u0105 fragmenty kodu zwane \u201ecookies\u201d, kt\u00f3re s\u0105 plikami tekstowymi odpowiadaj\u0105cymi zapytaniom HTTP kierowanym do serwera Administratora. Pliki \u201ecookies\u201d s\u0105 instalowane przez ka\u017cd\u0105 przegl\u0105dark\u0119, z kt\u00f3rej U\u017cytkownik odwiedza Serwis. Pliki \u201ecookies\u201d wykorzystywane s\u0105 w Serwisie w celu:<\/p>\n\n\n\n<ol class=\"wp-block-list\">\n<li>utrzymania technicznej poprawno\u015bci i ci\u0105g\u0142o\u015bci sesji pomi\u0119dzy serwerem Serwisu a urz\u0105dzeniem ko\u0144cowym U\u017cytkownika;<\/li>\n\n\n\n<li>optymalizacji korzystania przez U\u017cytkownika ze stron internetowych Serwisu i dostosowania sposobu ich wy\u015bwietlania na urz\u0105dzeniu ko\u0144cowym U\u017cytkownika;<\/li>\n\n\n\n<li>zapewnienia bezpiecze\u0144stwa korzystania z Serwisu;<\/li>\n\n\n\n<li>zbierania statystyk odwiedzin stron Serwisu wspieraj\u0105cych ulepszanie ich struktury i zawarto\u015bci;<\/li>\n\n\n\n<li>wy\u015bwietlania na urz\u0105dzeniu ko\u0144cowym U\u017cytkownika tre\u015bci dostosowanych do jego preferencji.<\/li>\n<\/ol>\n\n\n\n<ol class=\"wp-block-list\"><\/ol>\n\n\n\n<p><\/p>\n","protected":false},"excerpt":{"rendered":"<p>POLITYKA PRYWATNO\u015aCI POSTANOWIENIA OG\u00d3LNE Niniejsza polityka prywatno\u015bci Serwisu Internetowego ma charakter informacyjny, co oznacza \u017ce nie jest ona \u017ar\u00f3d\u0142em obowi\u0105zk\u00f3w dla Us\u0142ugobiorc\u00f3w lub Klient\u00f3w Serwisu Internetowego. Polityka prywatno\u015bci zawiera przede wszystkim zasady dotycz\u0105ce przetwarzania danych osobowych przez Administratora w Serwisie Internetowym, w tym podstawy, cele i zakres przetwarzania danych osobowych oraz prawa os\u00f3b, kt\u00f3rych dane&#8230;<\/p>\n","protected":false},"author":1,"featured_media":0,"parent":0,"menu_order":0,"comment_status":"closed","ping_status":"open","template":"","meta":{"_kad_post_transparent":"","_kad_post_title":"","_kad_post_layout":"","_kad_post_sidebar_id":"","_kad_post_content_style":"","_kad_post_vertical_padding":"","_kad_post_feature":"","_kad_post_feature_position":"","_kad_post_header":false,"_kad_post_footer":false,"_kad_post_classname":"","footnotes":""},"class_list":["post-3","page","type-page","status-publish","hentry"],"jetpack_sharing_enabled":true,"_links":{"self":[{"href":"https:\/\/agakrolgallery.pl\/index.php?rest_route=\/wp\/v2\/pages\/3","targetHints":{"allow":["GET"]}}],"collection":[{"href":"https:\/\/agakrolgallery.pl\/index.php?rest_route=\/wp\/v2\/pages"}],"about":[{"href":"https:\/\/agakrolgallery.pl\/index.php?rest_route=\/wp\/v2\/types\/page"}],"author":[{"embeddable":true,"href":"https:\/\/agakrolgallery.pl\/index.php?rest_route=\/wp\/v2\/users\/1"}],"replies":[{"embeddable":true,"href":"https:\/\/agakrolgallery.pl\/index.php?rest_route=%2Fwp%2Fv2%2Fcomments&post=3"}],"version-history":[{"count":13,"href":"https:\/\/agakrolgallery.pl\/index.php?rest_route=\/wp\/v2\/pages\/3\/revisions"}],"predecessor-version":[{"id":876,"href":"https:\/\/agakrolgallery.pl\/index.php?rest_route=\/wp\/v2\/pages\/3\/revisions\/876"}],"wp:attachment":[{"href":"https:\/\/agakrolgallery.pl\/index.php?rest_route=%2Fwp%2Fv2%2Fmedia&parent=3"}],"curies":[{"name":"wp","href":"https:\/\/api.w.org\/{rel}","templated":true}]}}